{"id":32034,"date":"2025-07-24T17:35:03","date_gmt":"2025-07-24T16:35:03","guid":{"rendered":"https:\/\/www.marrakechtaxi.com\/entrada-jardin-majorelle-traslado-privado-marrakech\/"},"modified":"2026-01-05T19:01:01","modified_gmt":"2026-01-05T18:01:01","slug":"entrada-jardin-majorelle-traslado-privado-marrakech","status":"publish","type":"product","link":"https:\/\/www.marrakechtaxi.com\/es\/entrada-jardin-majorelle-traslado-privado-marrakech\/","title":{"rendered":"Visita al Jard\u00edn Majorelle: entradas y traslados privados"},"content":{"rendered":"\n<h3 class=\"wp-block-heading\">\ud83c\udf3fDescubre el Jard\u00edn Majorelle con estilo<\/h3>\n\n<p>Sum\u00e9rgete en el mundo de Yves Saint Laurent y explora el vibrante <strong>Jard\u00edn Majorelle,<\/strong> un remanso de paz en el coraz\u00f3n de Marrakech. Nuestro conductor privado te recoger\u00e1 directamente en tu alojamiento y te llevar\u00e1 al jard\u00edn con total comodidad. Sin el estr\u00e9s del taxi ni las largas colas: solo t\u00fa, tu grupo y la relajante belleza de este oasis bot\u00e1nico de fama mundial.  <\/p>\n\n<h2 class=\"wp-block-heading has-luminous-vivid-orange-color has-text-color has-link-color wp-elements-d2a46369e4a297971d33b85ce44d3976\"><strong>\u2705 Qu\u00e9 incluye:<\/strong><\/h2>\n\n<ul class=\"wp-block-list\">\n<li>Transporte privado de ida y vuelta desde su alojamiento en Marrakech (1\u201317 personas)<\/li>\n\n\n\n<li>Entradas al <strong>Jard\u00edn Majorelle<\/strong><\/li>\n\n\n\n<li>Veh\u00edculo climatizado con conductor profesional.<\/li>\n\n\n\n<li>Asistencia en la entrada (entrega de entradas)<\/li>\n<\/ul>\n\n<h2 class=\"wp-block-heading has-luminous-vivid-orange-color has-text-color has-link-color wp-elements-fdd7ba20ef47e968b17201ac99ee17eb\"><strong>\u274c No incluido:<\/strong><\/h2>\n\n<ul class=\"wp-block-list\">\n<li>Consejos para el conductor (opcional)<\/li>\n\n\n\n<li>Gu\u00eda tur\u00edstica dentro del jard\u00edn.<\/li>\n\n\n\n<li>Museos o atracciones adicionales<\/li>\n\n\n\n<li>Recogida fuera de la ciudad de Marrakech (cont\u00e1ctanos antes de reservar)<\/li>\n<\/ul>\n\n<h2 class=\"wp-block-heading has-luminous-vivid-orange-color has-text-color has-link-color wp-elements-db7b5d7122bd63e04e06420f0e29a3cf\"><strong>\ud83d\udccd Informaci\u00f3n de recogida:<\/strong><\/h2>\n\n<p>Ofrecemos<strong> servicio de recogida a domicilio<\/strong> desde cualquier hotel, riad o domicilio en el centro de Marrakech. Si se aloja <strong>fuera de la ciudad<\/strong> (por ejemplo, Palmeraie, Carretera de Ourika), cont\u00e1ctenos para consultar disponibilidad y ajustar precios antes de reservar. <\/p>\n\n<h2 class=\"wp-block-heading has-luminous-vivid-orange-color has-text-color has-link-color wp-elements-2d1ab8e166f009515558949f6d3d562d\"><strong>\ud83d\udcc5 Informaci\u00f3n de reserva:<\/strong><\/h2>\n\n<ul class=\"wp-block-list\">\n<li>Experiencia disponible <strong>diariamente<\/strong><\/li>\n\n\n\n<li>Se recomienda encarecidamente reservar con antelaci\u00f3n debido a la disponibilidad <strong>limitada de entradas<\/strong>.<\/li>\n\n\n\n<li>Se requiere un <strong>dep\u00f3sito<\/strong> para confirmar su reserva (a trav\u00e9s de PayPal)<\/li>\n\n\n\n<li>Saldo restante pagado al conductor el d\u00eda de la experiencia.<\/li>\n\n\n\n<li>Confirmaci\u00f3n instant\u00e1nea por correo electr\u00f3nico o WhatsApp<\/li>\n<\/ul>\n\n<h2 class=\"wp-block-heading has-luminous-vivid-orange-color has-text-color has-link-color wp-elements-a25832a3e4db5ccc3f55848be4e15601\"><strong>\u26a0\ufe0f Nota importante sobre disponibilidad de entradas<\/strong><\/h2>\n\n<p>Las entradas para el Jard\u00edn Majorelle est\u00e1n sujetas a <strong>disponibilidad diaria limitada<\/strong>. Si no hay <strong>entradas disponibles<\/strong> en la fecha seleccionada, se <strong>cancelar\u00e1 <\/strong>la reserva y se <strong>reembolsar\u00e1 <\/strong>el dep\u00f3sito completo. <\/p>\n\n<p>Le recomendamos reservar lo antes posible para asegurar su visita.<\/p>\n\n<hr class=\"wp-block-separator has-alpha-channel-opacity\"\/>\n\n<h2 class=\"wp-block-heading has-luminous-vivid-orange-color has-text-color has-link-color wp-elements-bfb6dee5d5fe7cf6b0530b4210171ee1\"><strong>Preguntas frecuentes<\/strong><\/h2>\n<div id=\"rank-math-faq\" class=\"rank-math-block\">\n<div class=\"rank-math-list \">\n<div id=\"faq-question-1753366603808\" class=\"rank-math-list-item\">\n<h3 class=\"rank-math-question \"><strong>\u00bfLa entrada al jard\u00edn est\u00e1 incluida en el precio?<\/strong><\/h3>\n<div class=\"rank-math-answer \">\n\n<p>S\u00ed, la entrada al <strong>Jard\u00edn Majorelle<\/strong> est\u00e1 incluida. Recibir\u00e1s tu entrada directamente del conductor. <\/p>\n\n<\/div>\n<\/div>\n<div id=\"faq-question-1753367056098\" class=\"rank-math-list-item\">\n<h3 class=\"rank-math-question \"><strong>\u00bfRecog\u00e9is en riads dentro de la Medina?<\/strong><\/h3>\n<div class=\"rank-math-answer \">\n\n<p>\u00a1S\u00ed! Coordinamos un punto de recogida cercano si tu camino no es accesible en coche. <\/p>\n\n<\/div>\n<\/div>\n<div id=\"faq-question-1753367065820\" class=\"rank-math-list-item\">\n<h3 class=\"rank-math-question \"><strong>\u00bfPuedo combinar esta visita con otra atracci\u00f3n?<\/strong><\/h3>\n<div class=\"rank-math-answer \">\n\n<p>Esta experiencia se centra en el Jard\u00edn Majorelle. Para visitas combinadas (como visitas al museo), consulte nuestros otros productos. <\/p>\n\n<\/div>\n<\/div>\n<div id=\"faq-question-1753367079850\" class=\"rank-math-list-item\">\n<h3 class=\"rank-math-question \"><strong>\u00bfCuanto dura la experiencia?<\/strong><\/h3>\n<div class=\"rank-math-answer \">\n\n<p>El recorrido completo de ida y vuelta suele durar entre 1,5 y 2 horas, incluyendo el tiempo de visita al jard\u00edn.<\/p>\n\n<\/div>\n<\/div>\n<div id=\"faq-question-1753367101686\" class=\"rank-math-list-item\">\n<h3 class=\"rank-math-question \"><strong>\u00bfPueden los ni\u00f1os entrar gratis?<\/strong><\/h3>\n<div class=\"rank-math-answer \">\n\n<p>S\u00ed, los ni\u00f1os menores de 10 a\u00f1os no necesitan entrada para el Jard\u00edn Majorelle.<\/p>\n\n<\/div>\n<\/div>\n<\/div>\n<\/div>","protected":false},"excerpt":{"rendered":"<p>Visita el emblem\u00e1tico <strong>Jard\u00edn Majorelle<\/strong> con traslados privados de ida y vuelta desde tu hotel o riad en Marrakech. Incluye entradas sin colas y recogida en tu alojamiento. Una forma r\u00e1pida, c\u00f3moda y sin estr\u00e9s de explorar una de las principales atracciones de Marrakech.  <\/p>\n","protected":false},"featured_media":31580,"comment_status":"open","ping_status":"closed","template":"","meta":{"inline_featured_image":false,"_monsterinsights_skip_tracking":false,"_monsterinsights_sitenote_active":false,"_monsterinsights_sitenote_note":"","_monsterinsights_sitenote_category":0},"product_brand":[],"product_cat":[84],"product_tag":[],"class_list":{"0":"post-32034","1":"product","2":"type-product","3":"status-publish","4":"has-post-thumbnail","6":"product_cat-actividades-marrakech","8":"first","9":"instock","10":"virtual","11":"sold-individually","12":"purchasable","13":"product-type-booking"},"booking_location":"","booking_location_type":"","booking_duration":1,"booking_duration_unit":"hour","booking_buffer":0,"booking_cost":45,"booking_resources":[],"exclude_global_add_ons":false,"addons":[{"name":"Entradas","type":"heading","position":0,"required":false,"title_format":"label","default":"","description_enable":false,"description":null,"placeholder_enable":false,"placeholder":null,"display":"select","restrictions_type":"any_text","adjust_price":false,"price":"","price_type":"flat_fee","restrictions":false,"min":"0","max":"0","options":[],"id":1754516003},{"name":"Adulto:","type":"input_multiplier","position":1,"required":true,"title_format":"label","default":"","description_enable":false,"description":null,"placeholder_enable":false,"placeholder":null,"display":"select","restrictions_type":"any_text","adjust_price":true,"price":"19","price_type":"quantity_based","restrictions":true,"min":"1","max":"0","options":[],"id":1754516004},{"name":"Ni\u00f1os a partir de 10 a\u00f1os:","type":"input_multiplier","position":2,"required":false,"title_format":"label","default":"","description_enable":false,"description":null,"placeholder_enable":false,"placeholder":null,"display":"select","restrictions_type":"any_text","adjust_price":true,"price":"10","price_type":"quantity_based","restrictions":false,"min":"0","max":"0","options":[],"id":1754516005},{"name":"Ni\u00f1os menores de 10 a\u00f1os","type":"input_multiplier","position":3,"required":false,"title_format":"label","default":"","description_enable":false,"description":null,"placeholder_enable":false,"placeholder":null,"display":"select","restrictions_type":"any_text","adjust_price":true,"price":"","price_type":"quantity_based","restrictions":false,"min":"0","max":"0","options":[],"id":1754516006}],"_links":{"self":[{"href":"https:\/\/www.marrakechtaxi.com\/es\/wp-json\/wp\/v2\/product\/32034","targetHints":{"allow":["GET"]}}],"collection":[{"href":"https:\/\/www.marrakechtaxi.com\/es\/wp-json\/wp\/v2\/product"}],"about":[{"href":"https:\/\/www.marrakechtaxi.com\/es\/wp-json\/wp\/v2\/types\/product"}],"replies":[{"embeddable":true,"href":"https:\/\/www.marrakechtaxi.com\/es\/wp-json\/wp\/v2\/comments?post=32034"}],"wp:featuredmedia":[{"embeddable":true,"href":"https:\/\/www.marrakechtaxi.com\/es\/wp-json\/wp\/v2\/media\/31580"}],"wp:attachment":[{"href":"https:\/\/www.marrakechtaxi.com\/es\/wp-json\/wp\/v2\/media?parent=32034"}],"wp:term":[{"taxonomy":"product_brand","embeddable":true,"href":"https:\/\/www.marrakechtaxi.com\/es\/wp-json\/wp\/v2\/product_brand?post=32034"},{"taxonomy":"product_cat","embeddable":true,"href":"https:\/\/www.marrakechtaxi.com\/es\/wp-json\/wp\/v2\/product_cat?post=32034"},{"taxonomy":"product_tag","embeddable":true,"href":"https:\/\/www.marrakechtaxi.com\/es\/wp-json\/wp\/v2\/product_tag?post=32034"}],"curies":[{"name":"wp","href":"https:\/\/api.w.org\/{rel}","templated":true}]}}

Visita al Jardín Majorelle: entradas y traslados privados

<h3 class="wp-block-heading">🌿Descubre el Jardín Majorelle con estilo</h3>

<p>Sumérgete en el mundo de Yves Saint Laurent y explora el vibrante <strong>Jardín Majorelle,</strong> un remanso de paz en el corazón de Marrakech. Nuestro conductor privado te recogerá directamente en tu alojamiento y te llevará al jardín con total comodidad. Sin el estrés del taxi ni las largas colas: solo tú, tu grupo y la relajante belleza de este oasis botánico de fama mundial.  </p>

<h2 class="wp-block-heading has-luminous-vivid-orange-color has-text-color has-link-color wp-elements-d2a46369e4a297971d33b85ce44d3976"><strong>✅ Qué incluye:</strong></h2>

<ul class="wp-block-list">
<li>Transporte privado de ida y vuelta desde su alojamiento en Marrakech (1–17 personas)</li>



<li>Entradas al <strong>Jardín Majorelle</strong></li>



<li>Vehículo climatizado con conductor profesional.</li>



<li>Asistencia en la entrada (entrega de entradas)</li>
</ul>

<h2 class="wp-block-heading has-luminous-vivid-orange-color has-text-color has-link-color wp-elements-fdd7ba20ef47e968b17201ac99ee17eb"><strong>❌ No incluido:</strong></h2>

<ul class="wp-block-list">
<li>Consejos para el conductor (opcional)</li>



<li>Guía turística dentro del jardín.</li>



<li>Museos o atracciones adicionales</li>



<li>Recogida fuera de la ciudad de Marrakech (contáctanos antes de reservar)</li>
</ul>

<h2 class="wp-block-heading has-luminous-vivid-orange-color has-text-color has-link-color wp-elements-db7b5d7122bd63e04e06420f0e29a3cf"><strong>📍 Información de recogida:</strong></h2>

<p>Ofrecemos<strong> servicio de recogida a domicilio</strong> desde cualquier hotel, riad o domicilio en el centro de Marrakech. Si se aloja <strong>fuera de la ciudad</strong> (por ejemplo, Palmeraie, Carretera de Ourika), contáctenos para consultar disponibilidad y ajustar precios antes de reservar. </p>

<h2 class="wp-block-heading has-luminous-vivid-orange-color has-text-color has-link-color wp-elements-2d1ab8e166f009515558949f6d3d562d"><strong>📅 Información de reserva:</strong></h2>

<ul class="wp-block-list">
<li>Experiencia disponible <strong>diariamente</strong></li>



<li>Se recomienda encarecidamente reservar con antelación debido a la disponibilidad <strong>limitada de entradas</strong>.</li>



<li>Se requiere un <strong>depósito</strong> para confirmar su reserva (a través de PayPal)</li>



<li>Saldo restante pagado al conductor el día de la experiencia.</li>



<li>Confirmación instantánea por correo electrónico o WhatsApp</li>
</ul>

<h2 class="wp-block-heading has-luminous-vivid-orange-color has-text-color has-link-color wp-elements-a25832a3e4db5ccc3f55848be4e15601"><strong>⚠️ Nota importante sobre disponibilidad de entradas</strong></h2>

<p>Las entradas para el Jardín Majorelle están sujetas a <strong>disponibilidad diaria limitada</strong>. Si no hay <strong>entradas disponibles</strong> en la fecha seleccionada, se <strong>cancelará </strong>la reserva y se <strong>reembolsará </strong>el depósito completo. </p>

<p>Le recomendamos reservar lo antes posible para asegurar su visita.</p>

<hr class="wp-block-separator has-alpha-channel-opacity"/>

<h2 class="wp-block-heading has-luminous-vivid-orange-color has-text-color has-link-color wp-elements-bfb6dee5d5fe7cf6b0530b4210171ee1"><strong>Preguntas frecuentes</strong></h2>
<div id="rank-math-faq" class="rank-math-block">
<div class="rank-math-list ">
<div id="faq-question-1753366603808" class="rank-math-list-item">
<h3 class="rank-math-question "><strong>¿La entrada al jardín está incluida en el precio?</strong></h3>
<div class="rank-math-answer ">

<p>Sí, la entrada al <strong>Jardín Majorelle</strong> está incluida. Recibirás tu entrada directamente del conductor. </p>

</div>
</div>
<div id="faq-question-1753367056098" class="rank-math-list-item">
<h3 class="rank-math-question "><strong>¿Recogéis en riads dentro de la Medina?</strong></h3>
<div class="rank-math-answer ">

<p>¡Sí! Coordinamos un punto de recogida cercano si tu camino no es accesible en coche. </p>

</div>
</div>
<div id="faq-question-1753367065820" class="rank-math-list-item">
<h3 class="rank-math-question "><strong>¿Puedo combinar esta visita con otra atracción?</strong></h3>
<div class="rank-math-answer ">

<p>Esta experiencia se centra en el Jardín Majorelle. Para visitas combinadas (como visitas al museo), consulte nuestros otros productos. </p>

</div>
</div>
<div id="faq-question-1753367079850" class="rank-math-list-item">
<h3 class="rank-math-question "><strong>¿Cuanto dura la experiencia?</strong></h3>
<div class="rank-math-answer ">

<p>El recorrido completo de ida y vuelta suele durar entre 1,5 y 2 horas, incluyendo el tiempo de visita al jardín.</p>

</div>
</div>
<div id="faq-question-1753367101686" class="rank-math-list-item">
<h3 class="rank-math-question "><strong>¿Pueden los niños entrar gratis?</strong></h3>
<div class="rank-math-answer ">

<p>Sí, los niños menores de 10 años no necesitan entrada para el Jardín Majorelle.</p>

</div>
</div>
</div>
</div>

<p>Visita el emblemático <strong>Jardín Majorelle</strong> con traslados privados de ida y vuelta desde tu hotel o riad en Marrakech. Incluye entradas sin colas y recogida en tu alojamiento. Una forma rápida, cómoda y sin estrés de explorar una de las principales atracciones de Marrakech.  </p>

Niños a partir de 10 años:

Niños menores de 10 años
