{"id":26296,"date":"2025-03-10T17:33:03","date_gmt":"2025-03-10T17:33:03","guid":{"rendered":"https:\/\/www.marrakechtaxi.com\/excursion-privada-esauira-essaouira\/"},"modified":"2025-11-03T22:23:03","modified_gmt":"2025-11-03T21:23:03","slug":"excursion-privada-esauira-essaouira","status":"publish","type":"product","link":"https:\/\/www.marrakechtaxi.com\/es\/excursion-privada-esauira-essaouira\/","title":{"rendered":"Excursi\u00f3n Privada a Esauira desde Marrakech"},"content":{"rendered":"\n<h2 class=\"wp-block-heading has-luminous-vivid-orange-color has-text-color has-link-color wp-elements-db1c14e17bff57bf78ed7515e1bbde85\"><strong>Descripci\u00f3n general de la experiencia<\/strong><\/h2>\n\n<p>Descubra la magia de la costa atl\u00e1ntica en una <strong>excursi\u00f3n privada de un d\u00eda a Esauira desde Marrakech<\/strong>. Esta excursi\u00f3n de un d\u00eda completo ofrece un recorrido panor\u00e1mico por <strong>bosques de arg\u00e1n<\/strong>, visitas <strong>opcionales a cooperativas de arg\u00e1n<\/strong> gestionadas por mujeres y horas de ocio en Esauira, una medina declarada Patrimonio de la Humanidad por la UNESCO, llena de encanto, historia y brisa marina. <\/p>\n\n<p>Ideal para aquellos que quieran tomarse un descanso del bullicio de Marrakech y experimentar un <strong>ambiente relajado<\/strong> junto al mar con un rico patrimonio cultural.<\/p>\n\n<h2 class=\"wp-block-heading has-luminous-vivid-orange-color has-text-color has-link-color wp-elements-9e39389f96bd0892cfdadab39e6e2f70\"><strong>\ud83d\udccdQu\u00e9 esperar<\/strong><\/h2>\n\n<h3 class=\"wp-block-heading\"><strong>\ud83d\ude90 Recogida c\u00f3moda y recorrido panor\u00e1mico<\/strong><\/h3>\n\n<p>Comience su viaje con la <strong>recogida en su hotel de Marrakech<\/strong> en un veh\u00edculo privado con aire acondicionado. Disfrute de un recorrido panor\u00e1mico de 2,5 a 3 horas por la campi\u00f1a marroqu\u00ed, pasando por <strong>pueblos<\/strong>, <strong>arganes repletos de cabras <\/strong>y <strong>paisajes panor\u00e1micos<\/strong>. <\/p>\n\n<p><strong>\ud83c\udf3f Parada opcional en la Cooperativa de Aceite de Arg\u00e1n<\/strong><\/p>\n\n<p>Visita una <strong>cooperativa local de arg\u00e1n<\/strong> dirigida por mujeres bereberes. Descubre c\u00f3mo se extrae tradicionalmente el mundialmente famoso <strong>aceite de arg\u00e1n<\/strong> y compra aut\u00e9nticos productos cosm\u00e9ticos o culinarios. <\/p>\n\n<h3 class=\"wp-block-heading\"><strong>\ud83c\udff0 Explora Essaouira a tu ritmo<\/strong><\/h3>\n\n<p>Una vez en Essaouira, disfrute de varias horas de <strong>tiempo libre<\/strong> para explorar:<\/p>\n\n<ul class=\"wp-block-list\">\n<li>\ud83c\udfdb\ufe0f La <strong>medina <\/strong>del siglo XVIII (catalogada por la UNESCO)<\/li>\n\n\n\n<li>\ud83c\udfa8 Galer\u00edas de arte, tiendas de artesan\u00eda y mercados locales<\/li>\n\n\n\n<li>\ud83d\udc1f Almuerzo de marisco fresco en el puerto (no incluido)<\/li>\n\n\n\n<li>Paseo por la playa de Essaouira o paseo en camello (opcional)<\/li>\n<\/ul>\n\n<h3 class=\"wp-block-heading\"><strong>\ud83d\udee3\ufe0f Regreso a Marrakech<\/strong><\/h3>\n\n<p>Despu\u00e9s de una tarde relajante, su conductor lo llevar\u00e1 de regreso a su hotel en Marrakech.<\/p>\n\n<h2 class=\"wp-block-heading has-luminous-vivid-orange-color has-text-color has-link-color wp-elements-7c82f6f623b55d46be6a4cad165bc046\"><strong>\ud83e\udded Itinerario sugerido (flexible)<\/strong><\/h2>\n\n<ul class=\"wp-block-list\">\n<li>08:00 \u2013 Salida de Marrakech<\/li>\n\n\n\n<li>09:30 \u2013 Parada opcional en la cooperativa de arg\u00e1n<\/li>\n\n\n\n<li>11:00 \u2013 Llegada a Essaouira<\/li>\n\n\n\n<li>11:00\u201315:30 \u2013 Tiempo libre: medina, almuerzo, playa, galer\u00edas de arte<\/li>\n\n\n\n<li>16:00 \u2013 Viaje de regreso a Marrakech<\/li>\n\n\n\n<li>19:00 \u2013 Llegada a su hotel<\/li>\n<\/ul>\n\n<h2 class=\"wp-block-heading has-luminous-vivid-orange-color has-text-color has-link-color wp-elements-d2a46369e4a297971d33b85ce44d3976\"><strong>\u2705 Qu\u00e9 incluye:<\/strong><\/h2>\n\n<ul class=\"wp-block-list\">\n<li>Transporte privado de ida y vuelta desde Marrakech<\/li>\n\n\n\n<li>Conductor que habla ingl\u00e9s\/franc\u00e9s<\/li>\n\n\n\n<li>Tiempo libre en Essaouira<\/li>\n\n\n\n<li>Visita opcional a una cooperativa de arg\u00e1n.<\/li>\n<\/ul>\n\n<h2 class=\"wp-block-heading has-luminous-vivid-orange-color has-text-color has-link-color wp-elements-fdd7ba20ef47e968b17201ac99ee17eb\"><strong>\u274c No incluido:<\/strong><\/h2>\n\n<ul class=\"wp-block-list\">\n<li>Comidas y bebidas<\/li>\n\n\n\n<li>Propina al conductor o gu\u00eda<\/li>\n<\/ul>\n\n<h2 class=\"wp-block-heading has-luminous-vivid-orange-color has-text-color has-link-color wp-elements-db7b5d7122bd63e04e06420f0e29a3cf\"><strong>\ud83d\udccd Informaci\u00f3n de recogida:<\/strong><\/h2>\n\n<ul class=\"wp-block-list\">\n<li>Recogida en su <strong>hotel o riad en Marrakech<\/strong><\/li>\n\n\n\n<li>Si su alojamiento est\u00e1 en una zona peatonal, se organizar\u00e1 un punto de encuentro cercano.<\/li>\n<\/ul>\n\n<h2 class=\"wp-block-heading has-luminous-vivid-orange-color has-text-color has-link-color wp-elements-2d1ab8e166f009515558949f6d3d562d\"><strong>\ud83d\udcc5 Informaci\u00f3n de reserva:<\/strong><\/h2>\n\n<ul class=\"wp-block-list\">\n<li>Duraci\u00f3n: D\u00eda completo (aprox. 10\u201311 horas)<\/li>\n\n\n\n<li>Salida: 8:00 AM (flexible a petici\u00f3n)<\/li>\n\n\n\n<li>Disponibilidad: Diaria (se recomienda reservar con antelaci\u00f3n)<\/li>\n\n\n\n<li>Tour privado: S\u00ed<\/li>\n\n\n\n<li>Idioma: Ingl\u00e9s, Franc\u00e9s, Espa\u00f1ol, Italiano (bajo petici\u00f3n)<\/li>\n<\/ul>\n\n<hr class=\"wp-block-separator has-alpha-channel-opacity\"\/>\n\n<h2 class=\"wp-block-heading has-luminous-vivid-orange-color has-text-color has-link-color wp-elements-bfb6dee5d5fe7cf6b0530b4210171ee1\"><strong>Preguntas frecuentes<\/strong><\/h2>\n<div id=\"rank-math-faq\" class=\"rank-math-block\">\n<div class=\"rank-math-list \">\n<div id=\"faq-question-1741598097313\" class=\"rank-math-list-item\">\n<h3 class=\"rank-math-question \"><strong>\u00bfEs este un viaje privado?<\/strong><\/h3>\n<div class=\"rank-math-answer \">\n\n<p>S\u00ed, este es un tour 100% privado, solo para ti y tu grupo.<\/p>\n\n<\/div>\n<\/div>\n<div id=\"faq-question-1741598132374\" class=\"rank-math-list-item\">\n<h3 class=\"rank-math-question \"><strong>\u00bfCuanto tiempo dura el viaje hasta Essaouira?<\/strong><\/h3>\n<div class=\"rank-math-answer \">\n\n<p>El viaje dura aproximadamente entre 2,5 y 3 horas por trayecto, con paradas opcionales en la ruta.<\/p>\n\n<\/div>\n<\/div>\n<div id=\"faq-question-1741598147431\" class=\"rank-math-list-item\">\n<h3 class=\"rank-math-question \"><strong>\u00bfHay gu\u00eda incluido en Essaouira?<\/strong><\/h3>\n<div class=\"rank-math-answer \">\n\n<p>No se incluye gu\u00eda, pero tendr\u00e1s tiempo libre para explorar a tu propio ritmo. Se puede a\u00f1adir un gu\u00eda si lo solicitas. <\/p>\n\n<\/div>\n<\/div>\n<div id=\"faq-question-1741598155144\" class=\"rank-math-list-item\">\n<h3 class=\"rank-math-question \"><strong>\u00bfQu\u00e9 me pongo?<\/strong><\/h3>\n<div class=\"rank-math-answer \">\n\n<p>Ropa c\u00f3moda, gafas de sol, protector solar y calzado c\u00f3modo. Se recomienda llevar una chaqueta ligera, ya que en Esauira hay viento incluso en verano. <\/p>\n\n<\/div>\n<\/div>\n<\/div>\n<\/div>","protected":false},"excerpt":{"rendered":"<p>Esc\u00e1pate del calor de Marrakech y disfruta de una refrescante excursi\u00f3n privada de un d\u00eda a Esauira, la encantadora ciudad costera conocida por su hist\u00f3rica medina, playas atl\u00e1nticas, barcos azules y gastronom\u00eda marinera. Incluye recogida en el hotel, conductor-gu\u00eda y tiempo libre para explorar. <\/p>\n","protected":false},"featured_media":25589,"comment_status":"open","ping_status":"closed","template":"","meta":{"inline_featured_image":false,"_monsterinsights_skip_tracking":false,"_monsterinsights_sitenote_active":false,"_monsterinsights_sitenote_note":"","_monsterinsights_sitenote_category":0},"product_brand":[],"product_cat":[78,79],"product_tag":[],"class_list":{"0":"post-26296","1":"product","2":"type-product","3":"status-publish","4":"has-post-thumbnail","6":"product_cat-mejores-excursiones-marrakech","7":"product_cat-excursiones-privadas-marrakech","9":"first","10":"instock","11":"virtual","12":"sold-individually","13":"purchasable","14":"product-type-booking"},"booking_location":"","booking_location_type":"","booking_duration":1,"booking_duration_unit":"day","booking_buffer":0,"booking_cost":129,"booking_resources":[],"exclude_global_add_ons":false,"addons":[{"name":"Coche de lujo (+30\u20ac)","type":"checkbox","position":0,"required":false,"title_format":"hide","default":"","description_enable":false,"description":null,"placeholder_enable":false,"placeholder":null,"display":"select","restrictions_type":"any_text","adjust_price":false,"price":"","price_type":"flat_fee","restrictions":false,"min":"0","max":"0","options":[{"label":"Coche de lujo (+30\u20ac)","price":"30","price_type":"flat_fee","image":0,"visibility":true}],"id":1762208380}],"_links":{"self":[{"href":"https:\/\/www.marrakechtaxi.com\/es\/wp-json\/wp\/v2\/product\/26296","targetHints":{"allow":["GET"]}}],"collection":[{"href":"https:\/\/www.marrakechtaxi.com\/es\/wp-json\/wp\/v2\/product"}],"about":[{"href":"https:\/\/www.marrakechtaxi.com\/es\/wp-json\/wp\/v2\/types\/product"}],"replies":[{"embeddable":true,"href":"https:\/\/www.marrakechtaxi.com\/es\/wp-json\/wp\/v2\/comments?post=26296"}],"wp:featuredmedia":[{"embeddable":true,"href":"https:\/\/www.marrakechtaxi.com\/es\/wp-json\/wp\/v2\/media\/25589"}],"wp:attachment":[{"href":"https:\/\/www.marrakechtaxi.com\/es\/wp-json\/wp\/v2\/media?parent=26296"}],"wp:term":[{"taxonomy":"product_brand","embeddable":true,"href":"https:\/\/www.marrakechtaxi.com\/es\/wp-json\/wp\/v2\/product_brand?post=26296"},{"taxonomy":"product_cat","embeddable":true,"href":"https:\/\/www.marrakechtaxi.com\/es\/wp-json\/wp\/v2\/product_cat?post=26296"},{"taxonomy":"product_tag","embeddable":true,"href":"https:\/\/www.marrakechtaxi.com\/es\/wp-json\/wp\/v2\/product_tag?post=26296"}],"curies":[{"name":"wp","href":"https:\/\/api.w.org\/{rel}","templated":true}]}}

Excursión Privada a Esauira desde Marrakech

<h2 class="wp-block-heading has-luminous-vivid-orange-color has-text-color has-link-color wp-elements-db1c14e17bff57bf78ed7515e1bbde85"><strong>Descripción general de la experiencia</strong></h2>

<p>Descubra la magia de la costa atlántica en una <strong>excursión privada de un día a Esauira desde Marrakech</strong>. Esta excursión de un día completo ofrece un recorrido panorámico por <strong>bosques de argán</strong>, visitas <strong>opcionales a cooperativas de argán</strong> gestionadas por mujeres y horas de ocio en Esauira, una medina declarada Patrimonio de la Humanidad por la UNESCO, llena de encanto, historia y brisa marina. </p>

<p>Ideal para aquellos que quieran tomarse un descanso del bullicio de Marrakech y experimentar un <strong>ambiente relajado</strong> junto al mar con un rico patrimonio cultural.</p>

<h2 class="wp-block-heading has-luminous-vivid-orange-color has-text-color has-link-color wp-elements-9e39389f96bd0892cfdadab39e6e2f70"><strong>📍Qué esperar</strong></h2>

<h3 class="wp-block-heading"><strong>🚐 Recogida cómoda y recorrido panorámico</strong></h3>

<p>Comience su viaje con la <strong>recogida en su hotel de Marrakech</strong> en un vehículo privado con aire acondicionado. Disfrute de un recorrido panorámico de 2,5 a 3 horas por la campiña marroquí, pasando por <strong>pueblos</strong>, <strong>arganes repletos de cabras </strong>y <strong>paisajes panorámicos</strong>. </p>

<p><strong>🌿 Parada opcional en la Cooperativa de Aceite de Argán</strong></p>

<p>Visita una <strong>cooperativa local de argán</strong> dirigida por mujeres bereberes. Descubre cómo se extrae tradicionalmente el mundialmente famoso <strong>aceite de argán</strong> y compra auténticos productos cosméticos o culinarios. </p>

<h3 class="wp-block-heading"><strong>🏰 Explora Essaouira a tu ritmo</strong></h3>

<p>Una vez en Essaouira, disfrute de varias horas de <strong>tiempo libre</strong> para explorar:</p>

<ul class="wp-block-list">
<li>🏛️ La <strong>medina </strong>del siglo XVIII (catalogada por la UNESCO)</li>



<li>🎨 Galerías de arte, tiendas de artesanía y mercados locales</li>



<li>🐟 Almuerzo de marisco fresco en el puerto (no incluido)</li>



<li>Paseo por la playa de Essaouira o paseo en camello (opcional)</li>
</ul>

<h3 class="wp-block-heading"><strong>🛣️ Regreso a Marrakech</strong></h3>

<p>Después de una tarde relajante, su conductor lo llevará de regreso a su hotel en Marrakech.</p>

<h2 class="wp-block-heading has-luminous-vivid-orange-color has-text-color has-link-color wp-elements-7c82f6f623b55d46be6a4cad165bc046"><strong>🧭 Itinerario sugerido (flexible)</strong></h2>

<ul class="wp-block-list">
<li>08:00 – Salida de Marrakech</li>



<li>09:30 – Parada opcional en la cooperativa de argán</li>



<li>11:00 – Llegada a Essaouira</li>



<li>11:00–15:30 – Tiempo libre: medina, almuerzo, playa, galerías de arte</li>



<li>16:00 – Viaje de regreso a Marrakech</li>



<li>19:00 – Llegada a su hotel</li>
</ul>

<h2 class="wp-block-heading has-luminous-vivid-orange-color has-text-color has-link-color wp-elements-d2a46369e4a297971d33b85ce44d3976"><strong>✅ Qué incluye:</strong></h2>

<ul class="wp-block-list">
<li>Transporte privado de ida y vuelta desde Marrakech</li>



<li>Conductor que habla inglés/francés</li>



<li>Tiempo libre en Essaouira</li>



<li>Visita opcional a una cooperativa de argán.</li>
</ul>

<h2 class="wp-block-heading has-luminous-vivid-orange-color has-text-color has-link-color wp-elements-fdd7ba20ef47e968b17201ac99ee17eb"><strong>❌ No incluido:</strong></h2>

<ul class="wp-block-list">
<li>Comidas y bebidas</li>



<li>Propina al conductor o guía</li>
</ul>

<h2 class="wp-block-heading has-luminous-vivid-orange-color has-text-color has-link-color wp-elements-db7b5d7122bd63e04e06420f0e29a3cf"><strong>📍 Información de recogida:</strong></h2>

<ul class="wp-block-list">
<li>Recogida en su <strong>hotel o riad en Marrakech</strong></li>



<li>Si su alojamiento está en una zona peatonal, se organizará un punto de encuentro cercano.</li>
</ul>

<h2 class="wp-block-heading has-luminous-vivid-orange-color has-text-color has-link-color wp-elements-2d1ab8e166f009515558949f6d3d562d"><strong>📅 Información de reserva:</strong></h2>

<ul class="wp-block-list">
<li>Duración: Día completo (aprox. 10–11 horas)</li>



<li>Salida: 8:00 AM (flexible a petición)</li>



<li>Disponibilidad: Diaria (se recomienda reservar con antelación)</li>



<li>Tour privado: Sí</li>



<li>Idioma: Inglés, Francés, Español, Italiano (bajo petición)</li>
</ul>

<hr class="wp-block-separator has-alpha-channel-opacity"/>

<h2 class="wp-block-heading has-luminous-vivid-orange-color has-text-color has-link-color wp-elements-bfb6dee5d5fe7cf6b0530b4210171ee1"><strong>Preguntas frecuentes</strong></h2>
<div id="rank-math-faq" class="rank-math-block">
<div class="rank-math-list ">
<div id="faq-question-1741598097313" class="rank-math-list-item">
<h3 class="rank-math-question "><strong>¿Es este un viaje privado?</strong></h3>
<div class="rank-math-answer ">

<p>Sí, este es un tour 100% privado, solo para ti y tu grupo.</p>

</div>
</div>
<div id="faq-question-1741598132374" class="rank-math-list-item">
<h3 class="rank-math-question "><strong>¿Cuanto tiempo dura el viaje hasta Essaouira?</strong></h3>
<div class="rank-math-answer ">

<p>El viaje dura aproximadamente entre 2,5 y 3 horas por trayecto, con paradas opcionales en la ruta.</p>

</div>
</div>
<div id="faq-question-1741598147431" class="rank-math-list-item">
<h3 class="rank-math-question "><strong>¿Hay guía incluido en Essaouira?</strong></h3>
<div class="rank-math-answer ">

<p>No se incluye guía, pero tendrás tiempo libre para explorar a tu propio ritmo. Se puede añadir un guía si lo solicitas. </p>

</div>
</div>
<div id="faq-question-1741598155144" class="rank-math-list-item">
<h3 class="rank-math-question "><strong>¿Qué me pongo?</strong></h3>
<div class="rank-math-answer ">

<p>Ropa cómoda, gafas de sol, protector solar y calzado cómodo. Se recomienda llevar una chaqueta ligera, ya que en Esauira hay viento incluso en verano. </p>

</div>
</div>
</div>
</div>

<p>Escápate del calor de Marrakech y disfruta de una refrescante excursión privada de un día a Esauira, la encantadora ciudad costera conocida por su histórica medina, playas atlánticas, barcos azules y gastronomía marinera. Incluye recogida en el hotel, conductor-guía y tiempo libre para explorar. </p>
